{"id":108,"date":"2022-04-21T15:37:33","date_gmt":"2022-04-21T15:37:33","guid":{"rendered":"https:\/\/arahal.net\/index.php\/colibri-wp\/"},"modified":"2022-06-09T11:50:41","modified_gmt":"2022-06-09T11:50:41","slug":"colibri-wp","status":"publish","type":"page","link":"https:\/\/arahal.net\/","title":{"rendered":""},"content":{"rendered":"\n\n\n\n<h2 class=\"has-text-align-center wp-block-heading\">\u00bfQui\u00e9nes Somos?<\/h2>\n\n\n\n<p class=\"has-background has-large-font-size\" style=\"background-color:#809be0\">Fundados el 04\/03\/1992, nosotros <strong>INFOSUR ARAHAL SL<\/strong> somos una empresa que\u00a0tiene como finalidad LA DISTRIBUCI\u00d3N, COMERCIALIZACI\u00d3N, MANTENIMIENTO Y REPARACI\u00d3N DE TODA CLASE DE APARATOS Y PRODUCTOS INFORM\u00c1TICOS. LA DIFUSI\u00d3N Y ENSE\u00d1ANZA A TERCEROS DE T\u00c9CNICAS Y PR\u00c1CTICAS INFORM\u00c1TICAS&#8230; Tambi\u00e9n hacemos comercio al por menor de ordenadores, equipos perif\u00e9ricos y programas inform\u00e1ticos en establecimientos especializados. Adem\u00e1s con m\u00e1s de 30 a\u00f1os de experiencia, hacemos servicio en otros temas de la inform\u00e1tica como la seguridad de equipos.<\/p>\n\n\n\n<h2 class=\"has-text-align-center wp-block-heading\">Nuestros Servicios<\/h2>\n\n\n\n<div class=\"wp-block-columns is-layout-flex wp-container-core-columns-is-layout-9d6595d7 wp-block-columns-is-layout-flex\">\n<div class=\"wp-block-column is-layout-flow wp-block-column-is-layout-flow\"><div class=\"wp-block-image\">\n<figure class=\"aligncenter size-full is-resized\"><img loading=\"lazy\" decoding=\"async\" src=\"https:\/\/arahal.net\/wp-content\/uploads\/2022\/05\/1104578.png\" alt=\"\" class=\"wp-image-443\" width=\"100\" height=\"100\" srcset=\"https:\/\/arahal.net\/wp-content\/uploads\/2022\/05\/1104578.png 512w, https:\/\/arahal.net\/wp-content\/uploads\/2022\/05\/1104578-420x420.png 420w, https:\/\/arahal.net\/wp-content\/uploads\/2022\/05\/1104578-100x100.png 100w, https:\/\/arahal.net\/wp-content\/uploads\/2022\/05\/1104578-350x350.png 350w, https:\/\/arahal.net\/wp-content\/uploads\/2022\/05\/1104578-300x300.png 300w, https:\/\/arahal.net\/wp-content\/uploads\/2022\/05\/1104578-150x150.png 150w, https:\/\/arahal.net\/wp-content\/uploads\/2022\/05\/1104578-380x380.png 380w\" sizes=\"auto, (max-width: 100px) 100vw, 100px\" \/><\/figure>\n<\/div><\/div>\n\n\n\n<div class=\"wp-block-column is-layout-flow wp-block-column-is-layout-flow\"><div class=\"wp-block-image\">\n<figure class=\"aligncenter size-full is-resized\"><img loading=\"lazy\" decoding=\"async\" src=\"https:\/\/arahal.net\/wp-content\/uploads\/2022\/05\/838572.png\" alt=\"\" class=\"wp-image-444\" width=\"90\" height=\"90\" srcset=\"https:\/\/arahal.net\/wp-content\/uploads\/2022\/05\/838572.png 512w, https:\/\/arahal.net\/wp-content\/uploads\/2022\/05\/838572-420x420.png 420w, https:\/\/arahal.net\/wp-content\/uploads\/2022\/05\/838572-100x100.png 100w, https:\/\/arahal.net\/wp-content\/uploads\/2022\/05\/838572-350x350.png 350w, https:\/\/arahal.net\/wp-content\/uploads\/2022\/05\/838572-300x300.png 300w, https:\/\/arahal.net\/wp-content\/uploads\/2022\/05\/838572-150x150.png 150w, https:\/\/arahal.net\/wp-content\/uploads\/2022\/05\/838572-380x380.png 380w\" sizes=\"auto, (max-width: 90px) 100vw, 90px\" \/><\/figure>\n<\/div><\/div>\n\n\n\n<div class=\"wp-block-column is-layout-flow wp-block-column-is-layout-flow\"><div class=\"wp-block-image\">\n<figure class=\"aligncenter size-full is-resized\"><img loading=\"lazy\" decoding=\"async\" src=\"https:\/\/arahal.net\/wp-content\/uploads\/2022\/05\/auditoria_seguridad-260x260-1.png\" alt=\"\" class=\"wp-image-445\" width=\"108\" height=\"108\" srcset=\"https:\/\/arahal.net\/wp-content\/uploads\/2022\/05\/auditoria_seguridad-260x260-1.png 260w, https:\/\/arahal.net\/wp-content\/uploads\/2022\/05\/auditoria_seguridad-260x260-1-100x100.png 100w, https:\/\/arahal.net\/wp-content\/uploads\/2022\/05\/auditoria_seguridad-260x260-1-250x250.png 250w, https:\/\/arahal.net\/wp-content\/uploads\/2022\/05\/auditoria_seguridad-260x260-1-150x150.png 150w\" sizes=\"auto, (max-width: 108px) 100vw, 108px\" \/><\/figure>\n<\/div><\/div>\n<\/div>\n\n\n\n<div class=\"wp-block-columns is-layout-flex wp-container-core-columns-is-layout-9d6595d7 wp-block-columns-is-layout-flex\">\n<div class=\"wp-block-column is-layout-flow wp-block-column-is-layout-flow\">\n<p class=\"has-text-align-center\">Arreglamos todo tipo de equipos inform\u00e1ticos (ordenadores sobremesa, tablets, ordenadores port\u00e1tiles&#8230;), Tambi\u00e9n distribuimos hardware de primera calidad, y no solo eso contamos con diversas piezas, equipos, etc. Si tiene alguna duda puede <a href=\"https:\/\/arahal.net\/index.php\/contactanos\/\"><strong>CONTACTARNOS<\/strong><\/a>. No dude en preguntar<\/p>\n<\/div>\n\n\n\n<div class=\"wp-block-column is-layout-flow wp-block-column-is-layout-flow\">\n<p class=\"has-text-align-center\">Tambi\u00e9n distribuimos una gran variedad de software de alta calidad en <strong><a href=\"https:\/\/arahal.net\/index.php\/programas-que-usamos\/\">TRABAJAMOS CON..<\/a><\/strong> Hay una parte del software que distribuimos y nuestros clientes usan. Si tiene alguna duda sobre el hardware que utilizamos puede <a href=\"https:\/\/arahal.net\/index.php\/contactanos\/\"><strong>CONTACTARTANOS<\/strong><\/a>, y preguntar lo que desee.<\/p>\n<\/div>\n\n\n\n<div class=\"wp-block-column is-layout-flow wp-block-column-is-layout-flow\">\n<p class=\"has-text-align-center\">Adem\u00e1s, de lo dicho anteriormente, trabajamos en diversas ramas de la inform\u00e1tica, tales como la seguridad inform\u00e1tica, redes&#8230; Gracias a nuestra longeva experiencia hemos trabajado en casi todas las ramas de inform\u00e1tica, as\u00ed que si tiene alg\u00fan problema no dude en <a href=\"https:\/\/arahal.net\/index.php\/contactanos\/\"><strong>CONTACTARTANOS<\/strong><\/a>.<\/p>\n<\/div>\n<\/div>\n\n\n\n<h2 class=\"has-text-align-center wp-block-heading\">\u00a1Cont\u00e1ctenos!<\/h2>\n\n\n<div role=\"form\" class=\"wpcf7\" id=\"wpcf7-f15-o1\" lang=\"es-ES\" dir=\"ltr\">\n<div class=\"screen-reader-response\"><p role=\"status\" aria-live=\"polite\" aria-atomic=\"true\"><\/p> <ul><\/ul><\/div>\n<form action=\"\/index.php\/wp-json\/wp\/v2\/pages\/108#wpcf7-f15-o1\" method=\"post\" class=\"wpcf7-form init\" novalidate=\"novalidate\" data-status=\"init\">\n<div style=\"display: none;\">\n<input type=\"hidden\" name=\"_wpcf7\" value=\"15\" \/>\n<input type=\"hidden\" name=\"_wpcf7_version\" value=\"5.5.6\" \/>\n<input type=\"hidden\" name=\"_wpcf7_locale\" value=\"es_ES\" \/>\n<input type=\"hidden\" name=\"_wpcf7_unit_tag\" value=\"wpcf7-f15-o1\" \/>\n<input type=\"hidden\" name=\"_wpcf7_container_post\" value=\"0\" \/>\n<input type=\"hidden\" name=\"_wpcf7_posted_data_hash\" value=\"\" \/>\n<\/div>\n<p><label> Su nombre<br \/>\n    <span class=\"wpcf7-form-control-wrap nombre\"><input type=\"text\" name=\"nombre\" value=\"\" size=\"40\" class=\"wpcf7-form-control wpcf7-text wpcf7-validates-as-required\" aria-required=\"true\" aria-invalid=\"false\" \/><\/span> <\/label><\/p>\n<p><label> Su correo electr\u00f3nico<br \/>\n    <span class=\"wpcf7-form-control-wrap gmail\"><input type=\"email\" name=\"gmail\" value=\"\" size=\"40\" class=\"wpcf7-form-control wpcf7-text wpcf7-email wpcf7-validates-as-required wpcf7-validates-as-email\" aria-required=\"true\" aria-invalid=\"false\" \/><\/span> <\/label><\/p>\n<p><label> Su tel\u00e9fono<br \/>\n    <span class=\"wpcf7-form-control-wrap telefono\"><input type=\"text\" name=\"telefono\" value=\"\" size=\"40\" class=\"wpcf7-form-control wpcf7-text wpcf7-validates-as-required\" aria-required=\"true\" aria-invalid=\"false\" \/><\/span> <\/label><\/p>\n<p><label> Asunto<br \/>\n    <span class=\"wpcf7-form-control-wrap asunto\"><input type=\"text\" name=\"asunto\" value=\"\" size=\"40\" class=\"wpcf7-form-control wpcf7-text wpcf7-validates-as-required\" aria-required=\"true\" aria-invalid=\"false\" \/><\/span> <\/label><\/p>\n<p><label> Mensaje<br \/>\n    <span class=\"wpcf7-form-control-wrap mensaje\"><textarea name=\"mensaje\" cols=\"40\" rows=\"10\" class=\"wpcf7-form-control wpcf7-textarea\" aria-invalid=\"false\"><\/textarea><\/span> <\/label><\/p>\n<p><input type=\"submit\" value=\"Enviar\" class=\"wpcf7-form-control has-spinner wpcf7-submit\" \/><\/p>\n<div class=\"wpcf7-response-output\" aria-hidden=\"true\"><\/div><\/form><\/div>\n","protected":false},"excerpt":{"rendered":"<p>\u00bfQui\u00e9nes Somos? Fundados el 04\/03\/1992, nosotros INFOSUR ARAHAL SL somos una empresa que\u00a0tiene como finalidad LA DISTRIBUCI\u00d3N, COMERCIALIZACI\u00d3N, MANTENIMIENTO Y REPARACI\u00d3N DE TODA CLASE DE APARATOS Y PRODUCTOS INFORM\u00c1TICOS. LA [&hellip;]<\/p>\n","protected":false},"author":1,"featured_media":0,"parent":0,"menu_order":0,"comment_status":"closed","ping_status":"closed","template":"","meta":{"footnotes":""},"class_list":["post-108","page","type-page","status-publish","hentry"],"_links":{"self":[{"href":"https:\/\/arahal.net\/index.php\/wp-json\/wp\/v2\/pages\/108","targetHints":{"allow":["GET"]}}],"collection":[{"href":"https:\/\/arahal.net\/index.php\/wp-json\/wp\/v2\/pages"}],"about":[{"href":"https:\/\/arahal.net\/index.php\/wp-json\/wp\/v2\/types\/page"}],"author":[{"embeddable":true,"href":"https:\/\/arahal.net\/index.php\/wp-json\/wp\/v2\/users\/1"}],"replies":[{"embeddable":true,"href":"https:\/\/arahal.net\/index.php\/wp-json\/wp\/v2\/comments?post=108"}],"version-history":[{"count":18,"href":"https:\/\/arahal.net\/index.php\/wp-json\/wp\/v2\/pages\/108\/revisions"}],"predecessor-version":[{"id":466,"href":"https:\/\/arahal.net\/index.php\/wp-json\/wp\/v2\/pages\/108\/revisions\/466"}],"wp:attachment":[{"href":"https:\/\/arahal.net\/index.php\/wp-json\/wp\/v2\/media?parent=108"}],"curies":[{"name":"wp","href":"https:\/\/api.w.org\/{rel}","templated":true}]}}